-v. What are the prime factors of v?
7, 13
Let o(a) = 18*a + 4. Let p = 64 - 66. Let x be (6 + -5 - (-1 + p))*1. List the prime factors of o(x).
2, 19
Suppose 5*b + 28230 = -22*u + 27*u, -4*u = b - 22574. What are the prime factors of u?
2, 17, 83
Suppose 23526 = -72*h + 120*h - 521946. List the prime factors of h.
2, 3, 947
Let b(y) = -2*y**3 + 2*y**2 + 2*y + 496. Let w = -155 - -155. List the prime factors of b(w).
2, 31
Suppose -21*l + 8*l = 257*l - 4666410. List the prime factors of l.
3, 7, 823
List the prime factors of ((-40561)/94)/((-2)/28).
7, 863
Let p = -37807 + 72331. What are the prime factors of p?
2, 3, 7, 137
Let i be (11226/(-180) + (-2)/15)*-2. Suppose 23*c - i = 18*c. What are the prime factors of c?
5
What are the prime factors of 6*(3506685/1530 + 6/(-51))?
13751
Let k(n) = -9*n**3 - 3*n**2 + n - 13. Let o be k(3). Let h = -249 - o. List the prime factors of h.
31
Let w = 12 + -4. Let x(k) = -k**2 + 14*k - 50. Let v be x(8). What are the prime factors of w/3*(4 - v)?
2
Let i(o) = 320*o**2 + 5*o - 5. Let k(q) = 320*q**2 + 2*q - 6. Let d(z) = 7*i(z) - 6*k(z). List the prime factors of d(-1).
2, 149
Let c = -48454 + 69020. What are the prime factors of c?
2, 7, 13, 113
Let d = -4303 + 4933. What are the prime factors of d?
2, 3, 5, 7
Let k(p) be the first derivative of -p**4/12 - 23*p**3/6 - 7*p**2 - 6. Let u(o) be the second derivative of k(o). What are the prime factors of u(-16)?
3
Suppose 3*t - 208 = 44. Suppose 0 = t*m - 87*m + 1929. List the prime factors of m.
643
Let y(b) = 54*b**2 + 66*b - 55. What are the prime factors of y(-15)?
5, 2221
Suppose 3*b - 1493 = 3046. Suppose 7511 = 32*u - b. List the prime factors of u.
2, 3, 47
Let z(t) = -140*t - 3582. List the prime factors of z(-47).
2, 1499
List the prime factors of 12*(-3203)/(-8) - (-5)/(-2).
2, 7
Let g(p) = 965*p**2 - 128*p - 401. What are the prime factors of g(-3)?
2, 11, 197
Let v(s) = 7*s**2 - 12*s - 67. Suppose 5*x + 2*l - 84 = -28, x - 8 = -2*l. What are the prime factors of v(x)?
797
Suppose -5*i - 5*k = -39005, 4*i + 7*k - 5*k - 31214 = 0. What are the prime factors of i?
2, 3, 1301
Let w be (-703)/37*(-16 - 4/(-2)). What are the prime factors of -4 + w/63 - 7988/(-18)?
2, 3, 37
Let c be (9/(-3))/(9/(-26))*-3. Let j(a) = a**3 + 7*a**2 + 8*a + 16. Let d be j(-5). Let x = d - c. List the prime factors of x.
2, 13
Let u(l) = -l - 1. Let s be u(-3). Suppose 3*d = 4*v - v - 108, 0 = -s*v + d + 75. Suppose -v*b = -34*b - 415. List the prime factors of b.
83
Suppose 11 = 17*o + 79. What are the prime factors of 114/(-95)*3950/o?
3, 5, 79
Suppose 0 = 10*u - 1103 - 967. Let z = u - 89. What are the prime factors of z?
2, 59
Suppose 32*q - 237266 = 234574. List the prime factors of q.
3, 5, 983
Let o(q) be the first derivative of -101*q**2/2 - 30*q - 167. What are the prime factors of o(-1)?
71
Let g = 268 - 103. Suppose -19*l + 29*l = 50. Suppose -10 = l*t - g. What are the prime factors of t?
31
Let p = 152 + -149. Suppose p*f - 2*n - 24 = 1, 2*n + 20 = 2*f. Let c(x) = 11*x**2 - 10*x + 2. List the prime factors of c(f).
227
Let h = -36 - -41. Suppose -755 = -h*v + 665. What are the prime factors of v?
2, 71
Let d = -41958 - -79628. List the prime factors of d.
2, 5, 3767
Let i = 120166 + -77553. List the prime factors of i.
43, 991
Suppose -2*v - 231 - 87 = 0. Let p(n) = -n**2 + 26*n + 509. Let q be p(43). Let m = v - q. List the prime factors of m.
3, 7
Suppose 2*g - 18 = -4*s, 6 + 9 = 2*g + 3*s. Suppose g*q - 1514 = 40*p - 39*p, -4*p = -2*q + 1016. List the prime factors of q.
2, 3, 7
What are the prime factors of 2*-145*((-86)/10 - 54/270)?
2, 11, 29
Let b = -8 + 9. Let a be -6*((-2172)/36 + b + 2). Suppose i + 5*d = 5*i - a, -3*i + 4*d = -259. List the prime factors of i.
3
Let p(g) = g**3 - 58*g**2 + 3*g - 133. Let v be p(58). Suppose -v*j = -39460 - 13020. List the prime factors of j.
2, 5
Let f(q) = 6*q**3 - 3*q**2 + 2*q. Let w be f(1). Suppose 5*p - 4*a = a + 1960, -w*a = 5*p - 1930. List the prime factors of p.
389
Let z = 8427 + -7510. What are the prime factors of z?
7, 131
Let j be (253/4)/((-64)/(-512)). Let s = j - -773. List the prime factors of s.
1279
Let b = 310 + -1000. Let c = b + 1399. List the prime factors of c.
709
Suppose 8*m - 467 = 765. Let v = 833 - m. List the prime factors of v.
7, 97
Suppose -3*y = -3*g - 30, -g = -3*y - 15 + 43. Let d(q) = -8*q**2 - 13 + q**3 + 3*q + 3*q**3 - 8 - q**3 - 2*q**3. List the prime factors of d(y).
3, 29
Let z = -29493 + 56528. What are the prime factors of z?
5, 5407
Suppose -2*y + 4*b = 1126, -5*y + 5*b - 1686 = 1134. Let l = 1125 + y. List the prime factors of l.
2, 5, 7
Let p(k) = 4*k**2 - 43*k + 17. Suppose -4*i - 84 = 3*s + 27, 165 = -5*i + 5*s. Let r = i - -43. List the prime factors of p(r).
2, 67
Let y = -27 + 24. Let z be y - 95/(-25) - (-89)/(-5). Let m(v) = v**2 + 3*v - 25. What are the prime factors of m(z)?
3, 71
Let n = -2105 - -14747. List the prime factors of n.
2, 3, 7, 43
Let a = 17844 - 7193. What are the prime factors of a?
10651
Suppose 4*x + 2*r + 24 = 0, 0 = -7*x + 2*x - 5*r - 20. Let v = 142 + -140. List the prime factors of (-200)/v*6/x.
3, 5
Suppose -3*j + 0*j = -1950. Suppose 4*q - 6 - 222 = -w, 3*w = 5*q + j. Let c = w + -149. What are the prime factors of c?
71
Suppose -4*i = -10*i - 1230. Let t = i - -389. What are the prime factors of t?
2, 23
Let j(g) be the third derivative of -211*g**6/20 + g**5/60 + g**4/6 + g**3/6 + 128*g**2. What are the prime factors of j(-1)?
2, 79
Let i = 120 + -121. List the prime factors of (-22368)/(-72)*(2 - i/(-2)).
2, 233
Suppose -1302 = -4*d - f, -634 = 5*d + 2*f - 2263. Suppose h = -4*n + d, 291 = h - 2*n - 52. List the prime factors of h.
337
Suppose -2*t + 0*v = -5*v - 6, -3*t = v - 9. Suppose -2*b - 5*s + 91 = 0, 0 = -t*s + 4*s + 1. Suppose -44*r + 47*r - b = 0. List the prime factors of r.
2
Suppose 11*y - 92 = 7*y. Suppose y*b = 26*b + 99. Let p = b - -37. List the prime factors of p.
2
Let g = -8248 - -18357. What are the prime factors of g?
11, 919
Let c(z) = 1294*z - 1542. What are the prime factors of c(14)?
2, 8287
Let z(n) = 6*n**2 + 13*n - 148. List the prime factors of z(17).
13, 139
Suppose 3*l = 4*l - 6. Suppose -2*k + l = -0*k. Suppose -k*c + 0*c + 468 = 0. List the prime factors of c.
2, 3, 13
Let a(c) = -c - 8. Let j be a(-12). Suppose -5*h - 12 = 3*n, -5*h - n = -0 + j. Suppose 0 = y - x - 153, 2*x + 10 + h = 0. List the prime factors of y.
2, 37
Let p be 5 - 4*15/12. Suppose l + 5*h - 869 = p, -11*h + 16*h = -4*l + 3446. List the prime factors of l.
859
Let k = 75 - 715. What are the prime factors of ((-12)/5)/(4*6/k)?
2
List the prime factors of -1 + -6 + -38591*(-22)/77.
3, 3673
Suppose 5*u - 2*u = 4*u. Suppose -3*q = 3*x - 615, q + 3*q - 4*x - 820 = u. What are the prime factors of q?
5, 41
List the prime factors of ((-6)/8)/(-3) - 7825300/(-112).
109, 641
Suppose 5*f - 11597 = 4*p, 4*p = 6*f - 4*f - 4634. What are the prime factors of f?
11, 211
Let b(t) = t + 4. Let s be b(7). Suppose -13*z - 54 = -s*z. Let l = 62 + z. What are the prime factors of l?
5, 7
Let f = 8919 + -7379. What are the prime factors of f?
2, 5, 7, 11
Suppose -5*b - w = 2*w - 38, -2*b + 5*w + 9 = 0. Suppose -b*r = 322 + 133. Let d = 148 + r. List the prime factors of d.
83
Let m(o) = 26*o**2 - 3*o - 3. Let p(g) = 13 - 3*g - 4 + 15 + 2. Let t be p(8). What are the prime factors of m(t)?
5, 19
Suppose 0 = 5*u + z + 48, -4*u = -0*z - 2*z + 44. Suppose -11 = y - 56. List the prime factors of (-558)/y*u/4.
31
Let z(w) = -7*w**3 - 2*w**2 - 5*w. Let v be z(-5). Let m = v - 515. Suppose -2*b + m = -177. List the prime factors of b.
2
List the prime factors of (-26)/(-8)*-230*(-782)/85.
13, 23
Let y = -318 - -323. Let p be 6*(-2 - (6/(-4) - 0)). What are the prime factors of 524/20 + p - 1/y?
23
Suppose m = b + 24 - 3, -3*m - 3*b + 39 = 0. Let n(p) = -p**2 + 0 - 13 - 20 + 27*p + 0. List the prime factors of n(m).
137
Suppose 0 = 7*c - 2*w - 8023, -6*c + 5*c = -4*w - 1161. List the prime factors of c.
5, 229
Let v = 543 + -543. Suppose -3*x + 2*c + 1590 = 0, -5*x = -v*c + 3*c - 2631. What are the prime factors of x?
2, 3, 11
Let i be 5*(1 - (88/20 + -3)). Let g be i/7 - (-4605)/21. Let z = -95 + g. What are the prime factors of z?
2, 31
What are t